{"id":12288,"date":"2025-05-17T23:26:28","date_gmt":"2025-05-18T02:26:28","guid":{"rendered":"https:\/\/acrisure.com.br\/insights\/?page_id=12288"},"modified":"2026-04-23T23:42:07","modified_gmt":"2026-04-24T02:42:07","slug":"iframe-acrisure","status":"publish","type":"page","link":"https:\/\/acrisure.com.br\/insights\/iframe-acrisure\/","title":{"rendered":"iFrame Acrisure"},"content":{"rendered":"<p>[et_pb_section fb_built=&#8221;1&#8243; _builder_version=&#8221;4.27.3&#8243; _module_preset=&#8221;default&#8221; background_color=&#8221;#13263f&#8221; custom_padding=&#8221;0px||0px||false|false&#8221; global_colors_info=&#8221;{}&#8221; custom_css_main_element_last_edited=&#8221;off|desktop&#8221;][et_pb_row column_structure=&#8221;2_3,1_3&#8243; use_custom_gutter=&#8221;on&#8221; gutter_width=&#8221;2&#8243; make_equal=&#8221;on&#8221; _builder_version=&#8221;4.27.3&#8243; _module_preset=&#8221;default&#8221; width=&#8221;100%&#8221; max_width=&#8221;1210px&#8221; module_alignment=&#8221;center&#8221; custom_margin=&#8221;||0px||false|false&#8221; custom_margin_tablet=&#8221;||40px||false|false&#8221; custom_margin_phone=&#8221;||40px||false|false&#8221; custom_margin_last_edited=&#8221;off|tablet&#8221; custom_padding=&#8221;0px||0px||false|false&#8221; global_colors_info=&#8221;{}&#8221;][et_pb_column type=&#8221;2_3&#8243; _builder_version=&#8221;4.27.3&#8243; _module_preset=&#8221;default&#8221; background_color=&#8221;#abd2eb&#8221; custom_padding=&#8221;40px|40px|40px|40px|false|false&#8221; custom_padding_tablet=&#8221;40px|40px|40px|40px|false|false&#8221; custom_padding_phone=&#8221;20px|20px|20px|20px|false|false&#8221; custom_padding_last_edited=&#8221;on|desktop&#8221; global_colors_info=&#8221;{}&#8221;][et_pb_blog posts_number=&#8221;1&#8243; include_categories=&#8221;all&#8221; use_manual_excerpt=&#8221;off&#8221; show_author=&#8221;off&#8221; show_date=&#8221;off&#8221; show_categories=&#8221;off&#8221; show_excerpt=&#8221;off&#8221; show_pagination=&#8221;off&#8221; admin_label=&#8221;Imagem&#8221; _builder_version=&#8221;4.27.3&#8243; _module_preset=&#8221;default&#8221; header_font=&#8221;Montserrat|600|||||||&#8221; header_font_size=&#8221;20px&#8221; header_line_height=&#8221;1.2em&#8221; read_more_font=&#8221;Montserrat|600|||||||&#8221; read_more_text_color=&#8221;#727176&#8243; pagination_font=&#8221;Montserrat|600|||||||&#8221; pagination_font_size=&#8221;13px&#8221; pagination_line_height=&#8221;1em&#8221; positioning=&#8221;absolute&#8221; position_origin_a=&#8221;top_right&#8221; vertical_offset=&#8221;40px&#8221; horizontal_offset=&#8221;40px&#8221; position_origin_a_tablet=&#8221;top_right&#8221; position_origin_a_phone=&#8221;top_right&#8221; position_origin_a_last_edited=&#8221;on|tablet&#8221; position_origin_f_tablet=&#8221;&#8221; position_origin_f_phone=&#8221;&#8221; position_origin_f_last_edited=&#8221;on|desktop&#8221; position_origin_r_tablet=&#8221;&#8221; position_origin_r_phone=&#8221;&#8221; position_origin_r_last_edited=&#8221;on|desktop&#8221; text_orientation=&#8221;left&#8221; width=&#8221;295px&#8221; min_height=&#8221;165px&#8221; max_height=&#8221;165px&#8221; custom_margin=&#8221;||30px||false|false&#8221; custom_margin_tablet=&#8221;|0px||auto|false|false&#8221; custom_margin_phone=&#8221;|0px||auto|false|false&#8221; custom_margin_last_edited=&#8221;on|tablet&#8221; positioning_tablet=&#8221;none&#8221; positioning_phone=&#8221;none&#8221; positioning_last_edited=&#8221;on|tablet&#8221; custom_css_title=&#8221;display: none;&#8221; custom_css_post_meta=&#8221;display: none;&#8221; custom_css_featured_image=&#8221;margin-bottom: 0; width: 100%; height: 165px; object-fit: cover;&#8221; global_colors_info=&#8221;{}&#8221;][\/et_pb_blog][et_pb_blog posts_number=&#8221;1&#8243; include_categories=&#8221;all&#8221; show_thumbnail=&#8221;off&#8221; use_manual_excerpt=&#8221;off&#8221; show_author=&#8221;off&#8221; show_date=&#8221;off&#8221; show_categories=&#8221;off&#8221; show_pagination=&#8221;off&#8221; admin_label=&#8221;T\u00edtulo&#8221; module_class=&#8221;titulo&#8221; _builder_version=&#8221;4.27.3&#8243; _module_preset=&#8221;default&#8221; header_font=&#8221;Cambon Regular||||||||&#8221; header_text_color=&#8221;#000000&#8243; header_font_size=&#8221;35px&#8221; body_font=&#8221;TT Norms Pro Medium|500|||||||&#8221; body_text_color=&#8221;#000000&#8243; body_font_size=&#8221;15px&#8221; body_line_height=&#8221;1.3em&#8221; read_more_font=&#8221;Roboto|700||on|||||&#8221; read_more_text_color=&#8221;#84a817&#8243; read_more_font_size=&#8221;12px&#8221; read_more_letter_spacing=&#8221;1px&#8221; read_more_line_height=&#8221;1.2em&#8221; positioning=&#8221;absolute&#8221; position_origin_a=&#8221;bottom_left&#8221; vertical_offset=&#8221;40px&#8221; horizontal_offset=&#8221;40px&#8221; position_origin_a_tablet=&#8221;bottom_left&#8221; position_origin_a_phone=&#8221;bottom_left&#8221; position_origin_a_last_edited=&#8221;on|desktop&#8221; position_origin_f_tablet=&#8221;&#8221; position_origin_f_phone=&#8221;&#8221; position_origin_f_last_edited=&#8221;on|desktop&#8221; position_origin_r_tablet=&#8221;&#8221; position_origin_r_phone=&#8221;&#8221; position_origin_r_last_edited=&#8221;on|desktop&#8221; text_orientation=&#8221;left&#8221; width=&#8221;600px&#8221; max_width=&#8221;100%&#8221; custom_margin=&#8221;||0px||false|false&#8221; custom_margin_tablet=&#8221;|||0px|false|false&#8221; custom_margin_phone=&#8221;|||0px|false|false&#8221; custom_margin_last_edited=&#8221;on|phone&#8221; header_font_size_tablet=&#8221;35px&#8221; header_font_size_phone=&#8221;25px&#8221; header_font_size_last_edited=&#8221;on|phone&#8221; positioning_tablet=&#8221;none&#8221; positioning_phone=&#8221;none&#8221; positioning_last_edited=&#8221;on|desktop&#8221; text_orientation_tablet=&#8221;left&#8221; text_orientation_phone=&#8221;left&#8221; text_orientation_last_edited=&#8221;on|desktop&#8221; module_alignment_tablet=&#8221;center&#8221; module_alignment_phone=&#8221;center&#8221; module_alignment_last_edited=&#8221;on|tablet&#8221; custom_css_title=&#8221;font-weight: normal !important; letter-spacing: 0 !important; padding-bottom: 10px !important;&#8221; custom_css_post_meta=&#8221;display: none;&#8221; global_colors_info=&#8221;{}&#8221; custom_css_main_element_last_edited=&#8221;on|tablet&#8221; custom_css_main_element_tablet=&#8221;margin-left: 0 !important;&#8221; custom_css_main_element_phone=&#8221;margin-left: 0 !important;&#8221;][\/et_pb_blog][\/et_pb_column][et_pb_column type=&#8221;1_3&#8243; _builder_version=&#8221;4.27.3&#8243; _module_preset=&#8221;default&#8221; custom_css_main_element=&#8221;font-size: 0;&#8221; global_colors_info=&#8221;{}&#8221;][et_pb_blog posts_number=&#8221;1&#8243; include_categories=&#8221;all&#8221; use_manual_excerpt=&#8221;off&#8221; show_author=&#8221;off&#8221; show_date=&#8221;off&#8221; show_categories=&#8221;off&#8221; show_excerpt=&#8221;off&#8221; show_pagination=&#8221;off&#8221; offset_number=&#8221;1&#8243; admin_label=&#8221;Imagem 1&#8243; _builder_version=&#8221;4.27.3&#8243; _module_preset=&#8221;default&#8221; header_font=&#8221;Montserrat|600|||||||&#8221; header_font_size=&#8221;20px&#8221; header_line_height=&#8221;1.2em&#8221; read_more_font=&#8221;Montserrat|600|||||||&#8221; read_more_text_color=&#8221;#727176&#8243; pagination_font=&#8221;Montserrat|600|||||||&#8221; pagination_font_size=&#8221;13px&#8221; pagination_line_height=&#8221;1em&#8221; text_orientation=&#8221;left&#8221; custom_margin=&#8221;||30px||false|false&#8221; custom_css_main_element=&#8221;display: inline-block; margin-right: 25px;&#8221; custom_css_title=&#8221;display: none;&#8221; custom_css_post_meta=&#8221;display: none;&#8221; custom_css_featured_image=&#8221;margin-bottom: 0; width: 98px; height: 98px; object-fit: cover; object-position: 70%;&#8221; global_colors_info=&#8221;{}&#8221;][\/et_pb_blog][et_pb_blog posts_number=&#8221;1&#8243; include_categories=&#8221;all&#8221; show_thumbnail=&#8221;off&#8221; use_manual_excerpt=&#8221;off&#8221; show_author=&#8221;off&#8221; show_date=&#8221;off&#8221; show_categories=&#8221;off&#8221; show_excerpt=&#8221;off&#8221; show_pagination=&#8221;off&#8221; offset_number=&#8221;1&#8243; admin_label=&#8221;T\u00edtulo 1&#8243; module_class=&#8221;titulo&#8221; _builder_version=&#8221;4.27.6&#8243; _module_preset=&#8221;default&#8221; header_font=&#8221;||||||||&#8221; header_text_color=&#8221;#abd2eb&#8221; header_font_size=&#8221;20px&#8221; header_line_height=&#8221;1.1em&#8221; read_more_font=&#8221;Roboto|700||on|||||&#8221; read_more_text_color=&#8221;#84a817&#8243; read_more_font_size=&#8221;12px&#8221; read_more_letter_spacing=&#8221;1px&#8221; read_more_line_height=&#8221;1.2em&#8221; text_orientation=&#8221;left&#8221; width=&#8221;250px&#8221; max_width=&#8221;100%&#8221; module_alignment=&#8221;left&#8221; custom_margin=&#8221;||0px||false|false&#8221; header_font_size_tablet=&#8221;20px&#8221; header_font_size_phone=&#8221;18px&#8221; header_font_size_last_edited=&#8221;on|phone&#8221; text_orientation_tablet=&#8221;left&#8221; text_orientation_phone=&#8221;left&#8221; text_orientation_last_edited=&#8221;on|desktop&#8221; module_alignment_tablet=&#8221;center&#8221; module_alignment_phone=&#8221;center&#8221; module_alignment_last_edited=&#8221;on|tablet&#8221; custom_css_main_element=&#8221;display: inline-block; width: calc(100% &#8211; 123px); vertical-align: super;&#8221; custom_css_free_form=&#8221;selector a {||  display: -webkit-box;||  -webkit-line-clamp: 3;||  -webkit-box-orient: vertical;||  overflow: hidden;||  word-break: keep-all;||  overflow-wrap: normal;||}&#8221; custom_css_title=&#8221;font-weight: normal; letter-spacing: 0;&#8221; custom_css_post_meta=&#8221;display: none;&#8221; global_colors_info=&#8221;{}&#8221; custom_css_main_element_last_edited=&#8221;on|tablet&#8221; custom_css_main_element_tablet=&#8221;display: inline-block; width: calc(100% &#8211; 123px); vertical-align: super; vertical-align: 15px;&#8221; custom_css_main_element_phone=&#8221;display: inline-block; width: calc(100% &#8211; 123px); vertical-align: super; vertical-align: 15px;&#8221;][\/et_pb_blog][et_pb_blog posts_number=&#8221;1&#8243; include_categories=&#8221;all&#8221; use_manual_excerpt=&#8221;off&#8221; show_author=&#8221;off&#8221; show_date=&#8221;off&#8221; show_categories=&#8221;off&#8221; show_excerpt=&#8221;off&#8221; show_pagination=&#8221;off&#8221; offset_number=&#8221;2&#8243; admin_label=&#8221;Imagem 2&#8243; _builder_version=&#8221;4.27.3&#8243; _module_preset=&#8221;default&#8221; header_font=&#8221;Montserrat|600|||||||&#8221; header_font_size=&#8221;20px&#8221; header_line_height=&#8221;1.2em&#8221; read_more_font=&#8221;Montserrat|600|||||||&#8221; read_more_text_color=&#8221;#727176&#8243; pagination_font=&#8221;Montserrat|600|||||||&#8221; pagination_font_size=&#8221;13px&#8221; pagination_line_height=&#8221;1em&#8221; text_orientation=&#8221;left&#8221; custom_margin=&#8221;||30px||false|false&#8221; custom_css_main_element=&#8221;display: inline-block; margin-right: 25px;&#8221; custom_css_title=&#8221;display: none;&#8221; custom_css_post_meta=&#8221;display: none;&#8221; custom_css_featured_image=&#8221;margin-bottom: 0; width: 98px; height: 98px; object-fit: cover; object-position: 70%;&#8221; global_colors_info=&#8221;{}&#8221;][\/et_pb_blog][et_pb_blog posts_number=&#8221;1&#8243; include_categories=&#8221;all&#8221; show_thumbnail=&#8221;off&#8221; use_manual_excerpt=&#8221;off&#8221; show_author=&#8221;off&#8221; show_date=&#8221;off&#8221; show_categories=&#8221;off&#8221; show_excerpt=&#8221;off&#8221; show_pagination=&#8221;off&#8221; offset_number=&#8221;2&#8243; admin_label=&#8221;T\u00edtulo 2&#8243; module_class=&#8221;titulo&#8221; _builder_version=&#8221;4.27.3&#8243; _module_preset=&#8221;default&#8221; header_font=&#8221;TT Norms Pro Bold||||||||&#8221; header_text_color=&#8221;#abd2eb&#8221; header_font_size=&#8221;20px&#8221; header_line_height=&#8221;1.1em&#8221; read_more_font=&#8221;Roboto|700||on|||||&#8221; read_more_text_color=&#8221;#84a817&#8243; read_more_font_size=&#8221;12px&#8221; read_more_letter_spacing=&#8221;1px&#8221; read_more_line_height=&#8221;1.2em&#8221; text_orientation=&#8221;left&#8221; width=&#8221;250px&#8221; max_width=&#8221;100%&#8221; module_alignment=&#8221;left&#8221; custom_margin=&#8221;||0px||false|false&#8221; header_font_size_tablet=&#8221;20px&#8221; header_font_size_phone=&#8221;18px&#8221; header_font_size_last_edited=&#8221;on|phone&#8221; text_orientation_tablet=&#8221;left&#8221; text_orientation_phone=&#8221;left&#8221; text_orientation_last_edited=&#8221;on|desktop&#8221; module_alignment_tablet=&#8221;center&#8221; module_alignment_phone=&#8221;center&#8221; module_alignment_last_edited=&#8221;on|tablet&#8221; custom_css_main_element=&#8221;display: inline-block; width: calc(100% &#8211; 123px); vertical-align: super; vertical-align: 15px;&#8221; custom_css_free_form=&#8221;selector a {||  display: -webkit-box;||  -webkit-line-clamp: 3;||  -webkit-box-orient: vertical;||  overflow: hidden;||  word-break: keep-all;||  overflow-wrap: normal;||}&#8221; custom_css_title=&#8221;font-weight: normal; letter-spacing: 0;&#8221; custom_css_post_meta=&#8221;display: none;&#8221; global_colors_info=&#8221;{}&#8221;][\/et_pb_blog][et_pb_blog posts_number=&#8221;1&#8243; include_categories=&#8221;all&#8221; use_manual_excerpt=&#8221;off&#8221; show_author=&#8221;off&#8221; show_date=&#8221;off&#8221; show_categories=&#8221;off&#8221; show_excerpt=&#8221;off&#8221; show_pagination=&#8221;off&#8221; offset_number=&#8221;3&#8243; admin_label=&#8221;Imagem 3&#8243; _builder_version=&#8221;4.27.3&#8243; _module_preset=&#8221;default&#8221; header_font=&#8221;Montserrat|600|||||||&#8221; header_font_size=&#8221;20px&#8221; header_line_height=&#8221;1.2em&#8221; read_more_font=&#8221;Montserrat|600|||||||&#8221; read_more_text_color=&#8221;#727176&#8243; pagination_font=&#8221;Montserrat|600|||||||&#8221; pagination_font_size=&#8221;13px&#8221; pagination_line_height=&#8221;1em&#8221; text_orientation=&#8221;left&#8221; custom_margin=&#8221;||30px||false|false&#8221; custom_css_main_element=&#8221;display: inline-block; margin-right: 25px;&#8221; custom_css_title=&#8221;display: none;&#8221; custom_css_post_meta=&#8221;display: none;&#8221; custom_css_featured_image=&#8221;margin-bottom: 0; width: 98px; height: 98px; object-fit: cover; object-position: 70%;&#8221; global_colors_info=&#8221;{}&#8221;][\/et_pb_blog][et_pb_blog posts_number=&#8221;1&#8243; include_categories=&#8221;all&#8221; show_thumbnail=&#8221;off&#8221; use_manual_excerpt=&#8221;off&#8221; show_author=&#8221;off&#8221; show_date=&#8221;off&#8221; show_categories=&#8221;off&#8221; show_excerpt=&#8221;off&#8221; show_pagination=&#8221;off&#8221; offset_number=&#8221;3&#8243; admin_label=&#8221;T\u00edtulo 3&#8243; module_class=&#8221;titulo&#8221; _builder_version=&#8221;4.27.3&#8243; _module_preset=&#8221;default&#8221; header_font=&#8221;TT Norms Pro Bold||||||||&#8221; header_text_color=&#8221;#abd2eb&#8221; header_font_size=&#8221;20px&#8221; header_line_height=&#8221;1.1em&#8221; read_more_font=&#8221;Roboto|700||on|||||&#8221; read_more_text_color=&#8221;#84a817&#8243; read_more_font_size=&#8221;12px&#8221; read_more_letter_spacing=&#8221;1px&#8221; read_more_line_height=&#8221;1.2em&#8221; text_orientation=&#8221;left&#8221; width=&#8221;250px&#8221; max_width=&#8221;100%&#8221; module_alignment=&#8221;left&#8221; custom_margin=&#8221;||0px||false|false&#8221; header_font_size_tablet=&#8221;20px&#8221; header_font_size_phone=&#8221;18px&#8221; header_font_size_last_edited=&#8221;on|phone&#8221; text_orientation_tablet=&#8221;left&#8221; text_orientation_phone=&#8221;left&#8221; text_orientation_last_edited=&#8221;on|desktop&#8221; module_alignment_tablet=&#8221;center&#8221; module_alignment_phone=&#8221;center&#8221; module_alignment_last_edited=&#8221;on|tablet&#8221; custom_css_main_element=&#8221;display: inline-block; width: calc(100% &#8211; 123px); vertical-align: super; vertical-align: 15px;&#8221; custom_css_free_form=&#8221;selector a {||  display: -webkit-box;||  -webkit-line-clamp: 3;||  -webkit-box-orient: vertical;||  overflow: hidden;||  word-break: keep-all;||  overflow-wrap: normal;||}&#8221; custom_css_title=&#8221;font-weight: normal; letter-spacing: 0;&#8221; custom_css_post_meta=&#8221;display: none;&#8221; global_colors_info=&#8221;{}&#8221;][\/et_pb_blog][et_pb_text _builder_version=&#8221;4.27.6&#8243; _module_preset=&#8221;default&#8221; text_font=&#8221;||||||||&#8221; text_text_color=&#8221;#000000&#8243; text_line_height=&#8221;1.1em&#8221; background_color=&#8221;#abd2eb&#8221; text_orientation=&#8221;center&#8221; custom_padding=&#8221;20px|20px|20px|20px|false|false&#8221; link_option_url=&#8221;https:\/\/acrisure.com.br\/insights\/&#8221; link_option_url_new_window=&#8221;on&#8221; hover_enabled=&#8221;0&#8243; border_width_all=&#8221;2px&#8221; border_color_all=&#8221;#FFFFFF&#8221; global_colors_info=&#8221;{}&#8221; custom_css_main_element=&#8221;font-size: 14px !important;&#8221; sticky_enabled=&#8221;0&#8243;]<\/p>\n<p>CONFIRA TODAS AS MAT\u00c9RIAS<\/p>\n<p>[\/et_pb_text][\/et_pb_column][\/et_pb_row][et_pb_row _builder_version=&#8221;4.27.3&#8243; _module_preset=&#8221;default&#8221; max_width=&#8221;1210px&#8221; module_alignment=&#8221;center&#8221; max_height=&#8221;0px&#8221; custom_padding=&#8221;0px||0px||false|false&#8221; global_colors_info=&#8221;{}&#8221;][et_pb_column type=&#8221;4_4&#8243; _builder_version=&#8221;4.23&#8243; _module_preset=&#8221;default&#8221; global_colors_info=&#8221;{}&#8221;][et_pb_code _builder_version=&#8221;4.27.3&#8243; _module_preset=&#8221;default&#8221; max_height=&#8221;0px&#8221; global_colors_info=&#8221;{}&#8221;]<script><!-- [et_pb_line_break_holder] -->jQuery(function($){<!-- [et_pb_line_break_holder] -->$('.et_pb_post .entry-featured-image-url').attr('target', '_blank');<!-- [et_pb_line_break_holder] -->$('.et_pb_post .entry-title a').attr('target', '_blank');<!-- [et_pb_line_break_holder] -->$('.et_pb_posts a.more-link').attr('target', '_blank');<!-- [et_pb_line_break_holder] -->});<!-- [et_pb_line_break_holder] --><\/script>[\/et_pb_code][\/et_pb_column][\/et_pb_row][\/et_pb_section]<\/p>\n","protected":false},"excerpt":{"rendered":"<p>CONFIRA TODAS AS MAT\u00c9RIAS<\/p>\n","protected":false},"author":1,"featured_media":0,"parent":0,"menu_order":0,"comment_status":"closed","ping_status":"closed","template":"","meta":{"_et_pb_use_builder":"on","_et_pb_old_content":"","_et_gb_content_width":"","footnotes":"","_links_to":"","_links_to_target":""},"class_list":["post-12288","page","type-page","status-publish","hentry"],"yoast_head":"<!-- This site is optimized with the Yoast SEO plugin v27.4 - https:\/\/yoast.com\/product\/yoast-seo-wordpress\/ -->\n<title>iFrame Acrisure - Insights \/ Acrisure<\/title>\n<meta name=\"description\" content=\"P\u00e1gina com iframe Acrisure: acesse conte\u00fados e solu\u00e7\u00f5es em seguros diretamente da nossa plataforma integrada.\" \/>\n<meta name=\"robots\" content=\"index, follow, max-snippet:-1, max-image-preview:large, max-video-preview:-1\" \/>\n<link rel=\"canonical\" href=\"https:\/\/acrisure.com.br\/insights\/iframe-acrisure\/\" \/>\n<meta property=\"og:locale\" content=\"pt_BR\" \/>\n<meta property=\"og:type\" content=\"article\" \/>\n<meta property=\"og:title\" content=\"iFrame Acrisure - Insights \/ Acrisure\" \/>\n<meta property=\"og:description\" content=\"P\u00e1gina com iframe Acrisure: acesse conte\u00fados e solu\u00e7\u00f5es em seguros diretamente da nossa plataforma integrada.\" \/>\n<meta property=\"og:url\" content=\"https:\/\/acrisure.com.br\/insights\/iframe-acrisure\/\" \/>\n<meta property=\"og:site_name\" content=\"Insights \/ Acrisure\" \/>\n<meta property=\"article:publisher\" content=\"https:\/\/www.facebook.com\/itsseg\/\" \/>\n<meta property=\"article:modified_time\" content=\"2026-04-24T02:42:07+00:00\" \/>\n<meta name=\"twitter:card\" content=\"summary_large_image\" \/>\n<meta name=\"twitter:label1\" content=\"Est. tempo de leitura\" \/>\n\t<meta name=\"twitter:data1\" content=\"4 minutos\" \/>\n<script type=\"application\/ld+json\" class=\"yoast-schema-graph\">{\"@context\":\"https:\\\/\\\/schema.org\",\"@graph\":[{\"@type\":\"WebPage\",\"@id\":\"https:\\\/\\\/acrisure.com.br\\\/insights\\\/iframe-acrisure\\\/\",\"url\":\"https:\\\/\\\/acrisure.com.br\\\/insights\\\/iframe-acrisure\\\/\",\"name\":\"iFrame Acrisure - Insights \\\/ Acrisure\",\"isPartOf\":{\"@id\":\"https:\\\/\\\/acrisure.com.br\\\/insights\\\/#website\"},\"datePublished\":\"2025-05-18T02:26:28+00:00\",\"dateModified\":\"2026-04-24T02:42:07+00:00\",\"description\":\"P\u00e1gina com iframe Acrisure: acesse conte\u00fados e solu\u00e7\u00f5es em seguros diretamente da nossa plataforma integrada.\",\"breadcrumb\":{\"@id\":\"https:\\\/\\\/acrisure.com.br\\\/insights\\\/iframe-acrisure\\\/#breadcrumb\"},\"inLanguage\":\"pt-BR\",\"potentialAction\":[{\"@type\":\"ReadAction\",\"target\":[\"https:\\\/\\\/acrisure.com.br\\\/insights\\\/iframe-acrisure\\\/\"]}]},{\"@type\":\"BreadcrumbList\",\"@id\":\"https:\\\/\\\/acrisure.com.br\\\/insights\\\/iframe-acrisure\\\/#breadcrumb\",\"itemListElement\":[{\"@type\":\"ListItem\",\"position\":1,\"name\":\"In\u00edcio\",\"item\":\"https:\\\/\\\/acrisure.com.br\\\/insights\\\/\"},{\"@type\":\"ListItem\",\"position\":2,\"name\":\"iFrame Acrisure\"}]},{\"@type\":\"WebSite\",\"@id\":\"https:\\\/\\\/acrisure.com.br\\\/insights\\\/#website\",\"url\":\"https:\\\/\\\/acrisure.com.br\\\/insights\\\/\",\"name\":\"Insights \\\/ Acrisure\",\"description\":\"Portal de Not\u00edcias e Conte\u00fado\",\"potentialAction\":[{\"@type\":\"SearchAction\",\"target\":{\"@type\":\"EntryPoint\",\"urlTemplate\":\"https:\\\/\\\/acrisure.com.br\\\/insights\\\/?s={search_term_string}\"},\"query-input\":{\"@type\":\"PropertyValueSpecification\",\"valueRequired\":true,\"valueName\":\"search_term_string\"}}],\"inLanguage\":\"pt-BR\"}]}<\/script>\n<!-- \/ Yoast SEO plugin. -->","yoast_head_json":{"title":"iFrame Acrisure - Insights \/ Acrisure","description":"P\u00e1gina com iframe Acrisure: acesse conte\u00fados e solu\u00e7\u00f5es em seguros diretamente da nossa plataforma integrada.","robots":{"index":"index","follow":"follow","max-snippet":"max-snippet:-1","max-image-preview":"max-image-preview:large","max-video-preview":"max-video-preview:-1"},"canonical":"https:\/\/acrisure.com.br\/insights\/iframe-acrisure\/","og_locale":"pt_BR","og_type":"article","og_title":"iFrame Acrisure - Insights \/ Acrisure","og_description":"P\u00e1gina com iframe Acrisure: acesse conte\u00fados e solu\u00e7\u00f5es em seguros diretamente da nossa plataforma integrada.","og_url":"https:\/\/acrisure.com.br\/insights\/iframe-acrisure\/","og_site_name":"Insights \/ Acrisure","article_publisher":"https:\/\/www.facebook.com\/itsseg\/","article_modified_time":"2026-04-24T02:42:07+00:00","twitter_card":"summary_large_image","twitter_misc":{"Est. tempo de leitura":"4 minutos"},"schema":{"@context":"https:\/\/schema.org","@graph":[{"@type":"WebPage","@id":"https:\/\/acrisure.com.br\/insights\/iframe-acrisure\/","url":"https:\/\/acrisure.com.br\/insights\/iframe-acrisure\/","name":"iFrame Acrisure - Insights \/ Acrisure","isPartOf":{"@id":"https:\/\/acrisure.com.br\/insights\/#website"},"datePublished":"2025-05-18T02:26:28+00:00","dateModified":"2026-04-24T02:42:07+00:00","description":"P\u00e1gina com iframe Acrisure: acesse conte\u00fados e solu\u00e7\u00f5es em seguros diretamente da nossa plataforma integrada.","breadcrumb":{"@id":"https:\/\/acrisure.com.br\/insights\/iframe-acrisure\/#breadcrumb"},"inLanguage":"pt-BR","potentialAction":[{"@type":"ReadAction","target":["https:\/\/acrisure.com.br\/insights\/iframe-acrisure\/"]}]},{"@type":"BreadcrumbList","@id":"https:\/\/acrisure.com.br\/insights\/iframe-acrisure\/#breadcrumb","itemListElement":[{"@type":"ListItem","position":1,"name":"In\u00edcio","item":"https:\/\/acrisure.com.br\/insights\/"},{"@type":"ListItem","position":2,"name":"iFrame Acrisure"}]},{"@type":"WebSite","@id":"https:\/\/acrisure.com.br\/insights\/#website","url":"https:\/\/acrisure.com.br\/insights\/","name":"Insights \/ Acrisure","description":"Portal de Not\u00edcias e Conte\u00fado","potentialAction":[{"@type":"SearchAction","target":{"@type":"EntryPoint","urlTemplate":"https:\/\/acrisure.com.br\/insights\/?s={search_term_string}"},"query-input":{"@type":"PropertyValueSpecification","valueRequired":true,"valueName":"search_term_string"}}],"inLanguage":"pt-BR"}]}},"_links":{"self":[{"href":"https:\/\/acrisure.com.br\/insights\/wp-json\/wp\/v2\/pages\/12288","targetHints":{"allow":["GET"]}}],"collection":[{"href":"https:\/\/acrisure.com.br\/insights\/wp-json\/wp\/v2\/pages"}],"about":[{"href":"https:\/\/acrisure.com.br\/insights\/wp-json\/wp\/v2\/types\/page"}],"author":[{"embeddable":true,"href":"https:\/\/acrisure.com.br\/insights\/wp-json\/wp\/v2\/users\/1"}],"replies":[{"embeddable":true,"href":"https:\/\/acrisure.com.br\/insights\/wp-json\/wp\/v2\/comments?post=12288"}],"version-history":[{"count":108,"href":"https:\/\/acrisure.com.br\/insights\/wp-json\/wp\/v2\/pages\/12288\/revisions"}],"predecessor-version":[{"id":20746,"href":"https:\/\/acrisure.com.br\/insights\/wp-json\/wp\/v2\/pages\/12288\/revisions\/20746"}],"wp:attachment":[{"href":"https:\/\/acrisure.com.br\/insights\/wp-json\/wp\/v2\/media?parent=12288"}],"curies":[{"name":"wp","href":"https:\/\/api.w.org\/{rel}","templated":true}]}}